{"id":77,"date":"2022-06-03T21:15:59","date_gmt":"2022-06-03T21:15:59","guid":{"rendered":"https:\/\/ceitonparadise.com\/?page_id=77"},"modified":"2022-06-03T21:19:16","modified_gmt":"2022-06-03T21:19:16","slug":"deutsch","status":"publish","type":"page","link":"https:\/\/ceitonparadise.com\/?page_id=77","title":{"rendered":"Deutsch"},"content":{"rendered":"\t\t<div data-elementor-type=\"wp-page\" data-elementor-id=\"77\" class=\"elementor elementor-77\">\n\t\t\t\t\t\t\t\t\t<section class=\"elementor-section elementor-top-section elementor-element elementor-element-6c7dba8 elementor-section-boxed elementor-section-height-default elementor-section-height-default\" data-id=\"6c7dba8\" data-element_type=\"section\">\n\t\t\t\t\t\t<div class=\"elementor-container elementor-column-gap-default\">\n\t\t\t\t\t<div class=\"elementor-column elementor-col-100 elementor-top-column elementor-element elementor-element-0566c5a\" data-id=\"0566c5a\" data-element_type=\"column\">\n\t\t\t<div class=\"elementor-widget-wrap elementor-element-populated\">\n\t\t\t\t\t\t\t\t<div class=\"elementor-element elementor-element-9647a3f elementor-widget elementor-widget-text-editor\" data-id=\"9647a3f\" data-element_type=\"widget\" data-widget_type=\"text-editor.default\">\n\t\t\t\t<div class=\"elementor-widget-container\">\n\t\t\t<style>\/*! elementor - v3.6.5 - 27-04-2022 *\/\n.elementor-widget-text-editor.elementor-drop-cap-view-stacked .elementor-drop-cap{background-color:#818a91;color:#fff}.elementor-widget-text-editor.elementor-drop-cap-view-framed .elementor-drop-cap{color:#818a91;border:3px solid;background-color:transparent}.elementor-widget-text-editor:not(.elementor-drop-cap-view-default) .elementor-drop-cap{margin-top:8px}.elementor-widget-text-editor:not(.elementor-drop-cap-view-default) .elementor-drop-cap-letter{width:1em;height:1em}.elementor-widget-text-editor .elementor-drop-cap{float:left;text-align:center;line-height:1;font-size:50px}.elementor-widget-text-editor .elementor-drop-cap-letter{display:inline-block}<\/style>\t\t\t\t<p><!-- wp:paragraph --><\/p><h2>Willkommen im Ceiton-Paradies!<\/h2><p><!-- \/wp:paragraph --><\/p><p><!-- wp:paragraph --><\/p><p>Ceiton Paradise liegt auf einem Privatgrundst\u00fcck am Ebro bei Caspe (Spanien) direkt am Ufer des Stausees Mar de Aragon. Dieser Ort bringt Sie zur\u00fcck zur Natur in eine Oase der Ruhe. In diesem Angelparadies am Ebro k\u00f6nnen Sie das ganze Jahr \u00fcber Welse, Karpfen, Hechte, Zander und Forellenbarsche fangen.<\/p><p>Neben dem Angeln k\u00f6nnen Sie hier auch tollen Wassersport betreiben und entspannen. Schwimmen, Kanufahren, Abendessen, Kiten, Windsurfen, was auch immer.<\/p><p>Hier k\u00f6nnen Sie mehr als einen Hektar Natur und Ruhe genie\u00dfen. Auf dem Grundst\u00fcck befinden sich 2 komplett autarke H\u00e4user. Die Hausmeister Sabine und Nick leben mit ihrer H\u00fcndin Zo\u00eb in der Casa Baja, dem Unterhaus. Sie hei\u00dfen Sie willkommen und stehen Ihnen f\u00fcr praktische Fragen zur Verf\u00fcgung.<\/p><p>Casa Alta liegt etwas h\u00f6her auf dem Grundst\u00fcck und bietet einen zauberhaften Blick \u00fcber die Bucht. Wir vermieten dieses Haus an G\u00e4ste.<\/p><p>Casa Alta wurde auf den \u00dcberresten einer alten Ruine an einer Felswand errichtet. Die Unterkunft ist f\u00fcr 4 Personen mit 2 Betten von 90 x 200 cm.<\/p><p>Die H\u00e4user arbeiten mit Sonnenkollektoren, es gibt Gas zum Kochen und warmes und kaltes Wasser. Ein Kamin, 2 Einzelbetten und ein Doppelschlafsofa.<\/p><p>Zum Vergn\u00fcgen aller G\u00e4ste ist das Rauchen im Inneren nicht gestattet.<\/p><p>Da die H\u00e4user komplett autark sind, geh\u00f6rt nat\u00fcrlich auch entsprechende Sparsamkeit dazu. Wir bitten Sie, sparsam mit Wasser, Holz und Strom umzugehen. Ein durchschnittlicher Bestand ist vorhanden, bei \u00fcberm\u00e4\u00dfiger Nutzung gehen jedoch Mehrkosten zu Lasten der G\u00e4ste. Zus\u00e4tzliches Holz ist an Zapfs\u00e4ulen oder Baum\u00e4rkten erh\u00e4ltlich. F\u00fcr Wasser oder Strom wenden Sie sich an die Administratoren.<\/p><p>Bettw\u00e4sche, Handt\u00fccher und Daunendecken f\u00fcr die kalten N\u00e4chte und d\u00fcnnere Bettdecken sind ausreichend vorhanden.<\/p><h4>Preise<\/h4><p>Sie zahlen f\u00fcr einen Aufenthalt von:<\/p><p>3 N\u00e4chte 90 \u20ac pro Nacht<br \/>4 N\u00e4chte 80 \u20ac pro Nacht<br \/>pro Woche 490 \u20ac<\/p><p><!-- \/wp:list --><\/p><p><!-- wp:gallery {\"ids\":[],\"shortCodeTransforms\":[],\"linkTo\":\"none\"} --><\/p><figure class=\"wp-block-gallery has-nested-images columns-default is-cropped\"><!-- wp:image {\"id\":15,\"sizeSlug\":\"large\",\"linkDestination\":\"none\"} --><figure class=\"wp-block-image size-large\"><img loading=\"lazy\" decoding=\"async\" width=\"1024\" height=\"516\" class=\"wp-image-15\" src=\"https:\/\/ceitonparadise.com\/wp-content\/uploads\/2022\/06\/E4D79B64-4E18-455D-88D0-47F7A4441F5E-1-1024x516.jpeg\" alt=\"\" srcset=\"https:\/\/ceitonparadise.com\/wp-content\/uploads\/2022\/06\/E4D79B64-4E18-455D-88D0-47F7A4441F5E-1-1024x516.jpeg 1024w, https:\/\/ceitonparadise.com\/wp-content\/uploads\/2022\/06\/E4D79B64-4E18-455D-88D0-47F7A4441F5E-1-300x151.jpeg 300w, https:\/\/ceitonparadise.com\/wp-content\/uploads\/2022\/06\/E4D79B64-4E18-455D-88D0-47F7A4441F5E-1-768x387.jpeg 768w, https:\/\/ceitonparadise.com\/wp-content\/uploads\/2022\/06\/E4D79B64-4E18-455D-88D0-47F7A4441F5E-1.jpeg 1034w\" sizes=\"auto, (max-width: 1024px) 100vw, 1024px\" \/><figcaption>de beide huisjes<\/figcaption><\/figure><p><!-- \/wp:image --><\/p><\/figure><p><!-- \/wp:gallery --><\/p><p><!-- wp:gallery {\"linkTo\":\"none\"} --><\/p><figure class=\"wp-block-gallery has-nested-images columns-default is-cropped\"><\/figure><p><!-- \/wp:gallery --><\/p><p><!-- wp:paragraph --><\/p><p><!-- \/wp:paragraph --><\/p><p><!-- wp:paragraph --><\/p><h4>Angelbootverleih &amp; Angelf\u00fchrer<\/h4><p><!-- \/wp:paragraph --><\/p><p><!-- wp:paragraph --><\/p><p>Wir arbeiten mit Alec zusammen, einem einheimischen englischen Guide, der ebenfalls auf Ceiton lebt. Mit ihm k\u00f6nnen Sie alle Angelw\u00fcnsche besprechen. Er organisiert auch die richtigen Genehmigungen und auf Wunsch ein Boot.<\/p><p>Alec ist sehr erfahren und kennt die richtigen Stellen, an denen sich die verschiedenen Fischarten befinden. Die meisten Fische werden vom Ufer aus gefangen. www.ebroescapes.com<br \/>+34 661 026 274<br \/>info@ebro-escapes.com<\/p><p>Angelscheine sind erforderlich!<br \/>F\u00fcr das Angeln im Ebro ben\u00f6tigen Sie zwei verschiedene Genehmigungen. Alec kann das f\u00fcr dich erledigen.<\/p><p>Sie k\u00f6nnen Ihr eigenes Boot mitbringen und auf unserem Grundst\u00fcck parken.<br \/>Bei Casa Baja ist dies neben dem Haus und bei Casa Alta auf einer h\u00f6her gelegenen Terrasse vor der Scheune m\u00f6glich.<br \/>Das Boot kann vor der T\u00fcr zu Wasser gelassen werden, wir haben einen privaten Ausgang, der mit einer Kette verschlossen ist.<br \/>Je nach Wasserstand kann es auch dort bleiben.<\/p><p>Es gibt einige Anforderungen f\u00fcr Bootsbesitzer.<\/p><p>Sie m\u00fcssen immer einen Versicherungsnachweis vorlegen k\u00f6nnen.<br \/>Boote, die l\u00e4nger als 2 1\/2 Meter sind, m\u00fcssen ein Nummernschild haben.<br \/>F\u00fcr Boote \u00fcber 5 Meter oder mit einer Motorleistung von \u00fcber 15 PS ist ein Bootsf\u00fchrerschein erforderlich.<br \/>Alle Boote m\u00fcssen am Hafen gereinigt werden, kostet 3,- Euro, Sie erhalten dann einen Nachweis.<br \/>Kleine Gummiboote sind nicht erlaubt.<\/p><h4>Route<\/h4><p>Die Route ist auf der N211, Caspe Mequinenza, oder Mequinenza Caspe. Nehmen Sie den Ausgang bei Pol 276. Dann geradeaus, am M\u00fcllcontainer und dem Schild Ceiton vorbei, der Stra\u00dfe folgen und an der Gabelung rechts halten und die Stra\u00dfe hinunterfahren. Dann sehen Sie auf der rechten Seite hohe Zypressen, die den Eingang zu unserem Gel\u00e4nde darstellen. Die Entfernung von der Stra\u00dfe betr\u00e4gt etwa 400 Meter.<\/p><p><!-- \/wp:paragraph --><\/p><p><!-- wp:gallery {\"linkTo\":\"none\"} --><\/p><figure class=\"wp-block-gallery has-nested-images columns-default is-cropped\"><!-- wp:image {\"id\":16,\"sizeSlug\":\"large\",\"linkDestination\":\"none\"} --><figure class=\"wp-block-image size-large\"><img loading=\"lazy\" decoding=\"async\" width=\"1024\" height=\"768\" class=\"wp-image-16\" src=\"https:\/\/ceitonparadise.com\/wp-content\/uploads\/2022\/06\/IMG_9425-1024x768.jpeg\" alt=\"\" srcset=\"https:\/\/ceitonparadise.com\/wp-content\/uploads\/2022\/06\/IMG_9425-1024x768.jpeg 1024w, https:\/\/ceitonparadise.com\/wp-content\/uploads\/2022\/06\/IMG_9425-300x225.jpeg 300w, https:\/\/ceitonparadise.com\/wp-content\/uploads\/2022\/06\/IMG_9425-768x576.jpeg 768w, https:\/\/ceitonparadise.com\/wp-content\/uploads\/2022\/06\/IMG_9425-1536x1152.jpeg 1536w, https:\/\/ceitonparadise.com\/wp-content\/uploads\/2022\/06\/IMG_9425.jpeg 2048w\" sizes=\"auto, (max-width: 1024px) 100vw, 1024px\" \/><figcaption>de baai<\/figcaption><\/figure><p><!-- \/wp:image --><\/p><p><!-- wp:image {\"id\":27,\"sizeSlug\":\"large\",\"linkDestination\":\"none\"} --><\/p><figure class=\"wp-block-image size-large\"><img loading=\"lazy\" decoding=\"async\" width=\"1024\" height=\"768\" class=\"wp-image-27\" src=\"https:\/\/ceitonparadise.com\/wp-content\/uploads\/2022\/06\/IMG_9348-1024x768.jpeg\" alt=\"\" srcset=\"https:\/\/ceitonparadise.com\/wp-content\/uploads\/2022\/06\/IMG_9348-1024x768.jpeg 1024w, https:\/\/ceitonparadise.com\/wp-content\/uploads\/2022\/06\/IMG_9348-300x225.jpeg 300w, https:\/\/ceitonparadise.com\/wp-content\/uploads\/2022\/06\/IMG_9348-768x576.jpeg 768w, https:\/\/ceitonparadise.com\/wp-content\/uploads\/2022\/06\/IMG_9348-1536x1152.jpeg 1536w, https:\/\/ceitonparadise.com\/wp-content\/uploads\/2022\/06\/IMG_9348.jpeg 2048w\" sizes=\"auto, (max-width: 1024px) 100vw, 1024px\" \/><figcaption>de ingang van het terrein tussen de cypressen<\/figcaption><\/figure><p><!-- \/wp:image --><\/p><\/figure><p><!-- \/wp:gallery --><\/p><p><!-- wp:gallery {\"linkTo\":\"none\"} --><\/p><figure class=\"wp-block-gallery has-nested-images columns-default is-cropped\"><!-- wp:image {\"id\":17,\"sizeSlug\":\"large\",\"linkDestination\":\"none\"} --><figure class=\"wp-block-image size-large\"><img loading=\"lazy\" decoding=\"async\" width=\"1024\" height=\"768\" class=\"wp-image-17\" src=\"https:\/\/ceitonparadise.com\/wp-content\/uploads\/2022\/06\/IMG_8821-1024x768.jpeg\" alt=\"\" srcset=\"https:\/\/ceitonparadise.com\/wp-content\/uploads\/2022\/06\/IMG_8821-1024x768.jpeg 1024w, https:\/\/ceitonparadise.com\/wp-content\/uploads\/2022\/06\/IMG_8821-300x225.jpeg 300w, https:\/\/ceitonparadise.com\/wp-content\/uploads\/2022\/06\/IMG_8821-768x576.jpeg 768w, https:\/\/ceitonparadise.com\/wp-content\/uploads\/2022\/06\/IMG_8821-1536x1152.jpeg 1536w, https:\/\/ceitonparadise.com\/wp-content\/uploads\/2022\/06\/IMG_8821.jpeg 2048w\" sizes=\"auto, (max-width: 1024px) 100vw, 1024px\" \/><figcaption>de baai<\/figcaption><\/figure><p><!-- \/wp:image --><\/p><p><!-- wp:image {\"id\":18,\"sizeSlug\":\"large\",\"linkDestination\":\"none\"} --><\/p><figure class=\"wp-block-image size-large\"><img loading=\"lazy\" decoding=\"async\" width=\"768\" height=\"1024\" class=\"wp-image-18\" src=\"https:\/\/ceitonparadise.com\/wp-content\/uploads\/2022\/06\/IMG_9221-768x1024.jpeg\" alt=\"\" srcset=\"https:\/\/ceitonparadise.com\/wp-content\/uploads\/2022\/06\/IMG_9221-768x1024.jpeg 768w, https:\/\/ceitonparadise.com\/wp-content\/uploads\/2022\/06\/IMG_9221-225x300.jpeg 225w, https:\/\/ceitonparadise.com\/wp-content\/uploads\/2022\/06\/IMG_9221-1152x1536.jpeg 1152w, https:\/\/ceitonparadise.com\/wp-content\/uploads\/2022\/06\/IMG_9221.jpeg 1536w\" sizes=\"auto, (max-width: 768px) 100vw, 768px\" \/><figcaption>Casa Alta<\/figcaption><\/figure><p><!-- \/wp:image --><\/p><p><!-- wp:image {\"id\":19,\"sizeSlug\":\"large\",\"linkDestination\":\"none\"} --><\/p><figure class=\"wp-block-image size-large\"><img loading=\"lazy\" decoding=\"async\" width=\"1024\" height=\"768\" class=\"wp-image-19\" src=\"https:\/\/ceitonparadise.com\/wp-content\/uploads\/2022\/06\/IMG_9452-1024x768.jpeg\" alt=\"\" srcset=\"https:\/\/ceitonparadise.com\/wp-content\/uploads\/2022\/06\/IMG_9452-1024x768.jpeg 1024w, https:\/\/ceitonparadise.com\/wp-content\/uploads\/2022\/06\/IMG_9452-300x225.jpeg 300w, https:\/\/ceitonparadise.com\/wp-content\/uploads\/2022\/06\/IMG_9452-768x576.jpeg 768w, https:\/\/ceitonparadise.com\/wp-content\/uploads\/2022\/06\/IMG_9452-1536x1152.jpeg 1536w, https:\/\/ceitonparadise.com\/wp-content\/uploads\/2022\/06\/IMG_9452.jpeg 2048w\" sizes=\"auto, (max-width: 1024px) 100vw, 1024px\" \/><figcaption>Casa Alta<\/figcaption><\/figure><p><!-- \/wp:image --><\/p><p><!-- wp:image {\"id\":20,\"sizeSlug\":\"large\",\"linkDestination\":\"none\"} --><\/p><figure class=\"wp-block-image size-large\"><img loading=\"lazy\" decoding=\"async\" width=\"768\" height=\"1024\" class=\"wp-image-20\" src=\"https:\/\/ceitonparadise.com\/wp-content\/uploads\/2022\/06\/IMG_9462-768x1024.jpeg\" alt=\"\" srcset=\"https:\/\/ceitonparadise.com\/wp-content\/uploads\/2022\/06\/IMG_9462-768x1024.jpeg 768w, https:\/\/ceitonparadise.com\/wp-content\/uploads\/2022\/06\/IMG_9462-225x300.jpeg 225w, https:\/\/ceitonparadise.com\/wp-content\/uploads\/2022\/06\/IMG_9462-1152x1536.jpeg 1152w, https:\/\/ceitonparadise.com\/wp-content\/uploads\/2022\/06\/IMG_9462.jpeg 1536w\" sizes=\"auto, (max-width: 768px) 100vw, 768px\" \/><\/figure><p><!-- \/wp:image --><\/p><p><!-- wp:image {\"id\":21,\"sizeSlug\":\"large\",\"linkDestination\":\"none\"} --><\/p><figure class=\"wp-block-image size-large\"><img loading=\"lazy\" decoding=\"async\" width=\"768\" height=\"1024\" class=\"wp-image-21\" src=\"https:\/\/ceitonparadise.com\/wp-content\/uploads\/2022\/06\/IMG_9551-768x1024.jpeg\" alt=\"\" srcset=\"https:\/\/ceitonparadise.com\/wp-content\/uploads\/2022\/06\/IMG_9551-768x1024.jpeg 768w, https:\/\/ceitonparadise.com\/wp-content\/uploads\/2022\/06\/IMG_9551-225x300.jpeg 225w, https:\/\/ceitonparadise.com\/wp-content\/uploads\/2022\/06\/IMG_9551-1152x1536.jpeg 1152w, https:\/\/ceitonparadise.com\/wp-content\/uploads\/2022\/06\/IMG_9551.jpeg 1536w\" sizes=\"auto, (max-width: 768px) 100vw, 768px\" \/><figcaption>badkamer<\/figcaption><\/figure><p><!-- \/wp:image --><\/p><p><!-- wp:image {\"id\":22,\"sizeSlug\":\"large\",\"linkDestination\":\"none\"} --><\/p><figure class=\"wp-block-image size-large\"><img loading=\"lazy\" decoding=\"async\" width=\"1024\" height=\"476\" class=\"wp-image-22\" src=\"https:\/\/ceitonparadise.com\/wp-content\/uploads\/2022\/06\/IMG_9538-1024x476.jpeg\" alt=\"\" srcset=\"https:\/\/ceitonparadise.com\/wp-content\/uploads\/2022\/06\/IMG_9538-1024x476.jpeg 1024w, https:\/\/ceitonparadise.com\/wp-content\/uploads\/2022\/06\/IMG_9538-300x140.jpeg 300w, https:\/\/ceitonparadise.com\/wp-content\/uploads\/2022\/06\/IMG_9538-768x357.jpeg 768w, https:\/\/ceitonparadise.com\/wp-content\/uploads\/2022\/06\/IMG_9538-1536x715.jpeg 1536w, https:\/\/ceitonparadise.com\/wp-content\/uploads\/2022\/06\/IMG_9538-2048x953.jpeg 2048w\" sizes=\"auto, (max-width: 1024px) 100vw, 1024px\" \/><figcaption>open haard<\/figcaption><\/figure><p><!-- \/wp:image --><\/p><p><!-- wp:image {\"id\":23,\"sizeSlug\":\"large\",\"linkDestination\":\"none\"} --><\/p><figure class=\"wp-block-image size-large\"><img loading=\"lazy\" decoding=\"async\" width=\"1024\" height=\"768\" class=\"wp-image-23\" src=\"https:\/\/ceitonparadise.com\/wp-content\/uploads\/2022\/06\/IMG_9545-1024x768.jpeg\" alt=\"\" srcset=\"https:\/\/ceitonparadise.com\/wp-content\/uploads\/2022\/06\/IMG_9545-1024x768.jpeg 1024w, https:\/\/ceitonparadise.com\/wp-content\/uploads\/2022\/06\/IMG_9545-300x225.jpeg 300w, https:\/\/ceitonparadise.com\/wp-content\/uploads\/2022\/06\/IMG_9545-768x576.jpeg 768w, https:\/\/ceitonparadise.com\/wp-content\/uploads\/2022\/06\/IMG_9545-1536x1152.jpeg 1536w, https:\/\/ceitonparadise.com\/wp-content\/uploads\/2022\/06\/IMG_9545.jpeg 2048w\" sizes=\"auto, (max-width: 1024px) 100vw, 1024px\" \/><figcaption>keuken<\/figcaption><\/figure><p><!-- \/wp:image --><\/p><p><!-- wp:image {\"id\":24,\"sizeSlug\":\"large\",\"linkDestination\":\"none\"} --><\/p><figure class=\"wp-block-image size-large\"><img loading=\"lazy\" decoding=\"async\" width=\"1024\" height=\"531\" class=\"wp-image-24\" src=\"https:\/\/ceitonparadise.com\/wp-content\/uploads\/2022\/06\/IMG_9572-1024x531.jpeg\" alt=\"\" srcset=\"https:\/\/ceitonparadise.com\/wp-content\/uploads\/2022\/06\/IMG_9572-1024x531.jpeg 1024w, https:\/\/ceitonparadise.com\/wp-content\/uploads\/2022\/06\/IMG_9572-300x156.jpeg 300w, https:\/\/ceitonparadise.com\/wp-content\/uploads\/2022\/06\/IMG_9572-768x398.jpeg 768w, https:\/\/ceitonparadise.com\/wp-content\/uploads\/2022\/06\/IMG_9572-1536x797.jpeg 1536w, https:\/\/ceitonparadise.com\/wp-content\/uploads\/2022\/06\/IMG_9572-2048x1062.jpeg 2048w\" sizes=\"auto, (max-width: 1024px) 100vw, 1024px\" \/><figcaption>uitzicht<\/figcaption><\/figure><p><!-- \/wp:image --><\/p><\/figure><p><!-- \/wp:gallery --><\/p>\t\t\t\t\t\t<\/div>\n\t\t\t\t<\/div>\n\t\t\t\t\t<\/div>\n\t\t<\/div>\n\t\t\t\t\t\t\t<\/div>\n\t\t<\/section>\n\t\t\t\t\t\t\t<\/div>\n\t\t","protected":false},"excerpt":{"rendered":"<p>Willkommen im Ceiton-Paradies! Ceiton Paradise liegt auf einem Privatgrundst\u00fcck am Ebro bei Caspe (Spanien) direkt am Ufer des Stausees Mar de Aragon. Dieser Ort bringt Sie zur\u00fcck zur Natur in eine Oase der Ruhe. In diesem Angelparadies am Ebro k\u00f6nnen Sie das ganze Jahr \u00fcber Welse, Karpfen, Hechte, Zander und Forellenbarsche fangen. Neben dem Angeln &hellip;<\/p>\n<p class=\"read-more\"> <a class=\"\" href=\"https:\/\/ceitonparadise.com\/?page_id=77\"> <span class=\"screen-reader-text\">Deutsch<\/span> Lees verder &raquo;<\/a><\/p>\n","protected":false},"author":1,"featured_media":0,"parent":0,"menu_order":0,"comment_status":"closed","ping_status":"closed","template":"","meta":{"site-sidebar-layout":"no-sidebar","site-content-layout":"page-builder","ast-global-header-display":"","ast-main-header-display":"","ast-hfb-above-header-display":"","ast-hfb-below-header-display":"","ast-hfb-mobile-header-display":"","site-post-title":"disabled","ast-breadcrumbs-content":"","ast-featured-img":"disabled","footer-sml-layout":"","theme-transparent-header-meta":"","adv-header-id-meta":"","stick-header-meta":"","header-above-stick-meta":"","header-main-stick-meta":"","header-below-stick-meta":"","footnotes":""},"class_list":["post-77","page","type-page","status-publish","hentry"],"_links":{"self":[{"href":"https:\/\/ceitonparadise.com\/index.php?rest_route=\/wp\/v2\/pages\/77","targetHints":{"allow":["GET"]}}],"collection":[{"href":"https:\/\/ceitonparadise.com\/index.php?rest_route=\/wp\/v2\/pages"}],"about":[{"href":"https:\/\/ceitonparadise.com\/index.php?rest_route=\/wp\/v2\/types\/page"}],"author":[{"embeddable":true,"href":"https:\/\/ceitonparadise.com\/index.php?rest_route=\/wp\/v2\/users\/1"}],"replies":[{"embeddable":true,"href":"https:\/\/ceitonparadise.com\/index.php?rest_route=%2Fwp%2Fv2%2Fcomments&post=77"}],"version-history":[{"count":4,"href":"https:\/\/ceitonparadise.com\/index.php?rest_route=\/wp\/v2\/pages\/77\/revisions"}],"predecessor-version":[{"id":81,"href":"https:\/\/ceitonparadise.com\/index.php?rest_route=\/wp\/v2\/pages\/77\/revisions\/81"}],"wp:attachment":[{"href":"https:\/\/ceitonparadise.com\/index.php?rest_route=%2Fwp%2Fv2%2Fmedia&parent=77"}],"curies":[{"name":"wp","href":"https:\/\/api.w.org\/{rel}","templated":true}]}}